 divisor of p and 18.
18
Let f = 114 - -139. Suppose -71 + f = 7*z. What is the greatest common divisor of 65 and z?
13
Let x(s) = s**2 + 3*s - 10. Let k be x(-7). Let w(c) = 48*c + 147. Let d be w(-3). Let j be (-28)/d*108/(-42). Calculate the greatest common divisor of k and j.
6
Let x(t) = t**3 - 41*t**2 + 61*t + 733. Let m be x(39). Calculate the greatest common factor of m and 160.
10
Let r(i) = 18*i + 122. Let g be r(-6). Suppose -g*o = -20*o + 4968. What is the greatest common factor of o and 36?
36
Let v be 14 - 4 - 2/1. Suppose -29*p - v = -33*p. Let w be ((p + -4)*2)/((-2)/1). Calculate the greatest common divisor of w and 16.
2
Suppose -109*f + 4852 + 7916 = -31377. What is the highest common divisor of f and 4212?
81
Suppose 46*d - 45*d = -5*l + 323, 3*d - 137 = -2*l. Suppose -4*i = 3*c - 176, -i + 55 + l = 2*c. Calculate the highest common factor of c and 110.
10
Suppose 10*u = 15*u + 90. Let n be (-1468)/(-28) - u/(-42). Suppose 3*q - n = -7. What is the greatest common factor of 75 and q?
15
Suppose -x + 0*x - 2*g + 2 = 0, -x + 3*g = -2. Suppose -799 = -x*u + 33. What is the highest common factor of u and 13?
13
Let z = 139 + -127. Suppose -5*u - 5*j + 2*j + 13 = 0, 0 = -u + 2*j. Suppose -9*t = -8*t - u. Calculate the highest common divisor of z and t.
2
Let c = 76 + -55. Suppose 0 = w + 3*r - 8, 8*w - r - 8 = 3*w. Suppose 0 = w*d + 3*d - 945. What is the highest common factor of d and c?
21
Suppose -19888 + 14338 = -10*j. What is the greatest common divisor of 15 and j?
15
Let p = -7 - -27. Suppose 5*u = 2*q + 25, 3*q - 3 = u + q. Let b(y) = -y**3 + 4*y**2 + 22*y + 3. Let c be b(u). What is the highest common divisor of c and p?
10
Let u(j) be the second derivative of -2*j**3 - 6*j**2 + 32*j + 1. Let i be u(-3). What is the highest common factor of 36 and i?
12
Let q(u) = 4*u**2 + 26*u - 59. Let p = 743 + -740. Let i be q(p). Calculate the highest common factor of i and 385.
55
Suppose -963 - 139 = -19*y. Let g = 70 - y. Let i be ((-144)/(-15))/(-2)*-5. Calculate the highest common factor of g and i.
12
Suppose -3*h + 3*c + 3645 = 0, 4*c + 4796 = 4*h + 8*c. Calculate the greatest common factor of h and 34.
17
Let r(y) = -59*y - 468. Let l be r(-8). Calculate the highest common divisor of 9 and l.
1
Let g(t) = 388*t**2 + 699*t - 1. Let h be g(-2). Calculate the greatest common factor of 2176 and h.
17
Suppose m + 116 = 4*m - 4. What is the highest common factor of 19 and m?
1
Suppose 3*v + 102 = 2*g, 5*g - v - 370 = -141. What is the highest common factor of g and 9300?
15
Let h be ((-9544)/12)/(4/(-30)). Calculate the greatest common divisor of 5 and h.
5
Let h = 402 + -64. Suppose 827*f = 828*f - 52. Calculate the greatest common factor of h and f.
26
Let v(o) = 33*o - 928 + 1343 - 693. Let l be v(9). Calculate the greatest common divisor of l and 817.
19
Suppose 25114 = 219*h - 54821. What is the highest common divisor of h and 2?
1
Suppose -w = 2*n - 89 + 67, -50 = -4*n + w. Calculate the greatest common divisor of 2154 and n.
6
Suppose -5*d = -4 + 14. Let b be (-52)/(-2) + (-2 - d). Let t(p) = -p**3 - 7*p - 9. Let z be t(-2). Calculate the greatest common divisor of z and b.
13
Let b = -14506 - -18116. What is the highest common factor of b and 342?
38
Suppose 4*h - 15 = h. Suppose -3*w + h*s = -207 - 129, -3*w - s = -354. What is the highest common divisor of w and 78?
39
Suppose -1478*v = -1522*v - 1148 - 568. Let z = 298 - 178. Let y = v + z. Calculate the greatest common factor of y and 9.
9
Let c be 170/(((-7216)/(-480) + -15)*8/14). What is the highest common divisor of c and 51?
51
Suppose 451*u - 77112 = 325*u. What is the greatest common divisor of u and 1564?
68
Let m = -4500 - -5007. What is the greatest common factor of m and 60?
3
Let j(i) = -i**3 - 17*i**2 - 6*i + 20. Let x be j(-14). Let f = 1150 + x. What is the greatest common factor of 54 and f?
18
Suppose 20 = 3*f - 2*f. Suppose -7*i + 10*i = -4*i + 770. What is the greatest common divisor of f and i?
10
Suppose -3*w = -7*w + 132. Let p be 60/135*(-9)/2. Let d be (4 + p)*(3105/18 + 9). What is the greatest common factor of d and w?
33
Let d(o) = 66*o**2. Let v be d(1). Suppose -2*w = -3 - 327. What is the greatest common divisor of w and v?
33
Let u = 4375 - 3964. What is the greatest common factor of u and 3425?
137
Suppose 2*w - 14 = -5*g + 4*g, 5*w - 68 = -4*g. Calculate the highest common factor of g and 352.
22
Let r be (931/(-5) - -2)/(((-153)/(-30))/(-17)). What is the highest common divisor of 2 and r?
2
Let b(o) = -2*o**3 - 41*o**2 - 23*o - 51. Let r be b(-20). Calculate the greatest common divisor of 921 and r.
3
Let f be 85026/37 - (-7)/((-7)/(-6)). What is the highest common divisor of f and 90?
18
Let i = -20326 + 20340. What is the greatest common factor of i and 2674?
14
Suppose -1196 = 1548*n - 1571*n. What is the greatest common divisor of 117 and n?
13
Suppose 4*c - 2*s = 568, 3*c - 2*s - 714 = -288. Calculate the greatest common factor of c and 2911.
71
Let z(k) = -598*k - 3056. Let p be z(-6). What is the highest common divisor of 4389 and p?
133
Let h(c) = c**2 + 27*c - 223. Let o be h(-34). Calculate the greatest common divisor of o and 435.
15
Let k = 276 - 222. Let j = k - 50. Calculate the greatest common factor of 8 and j.
4
Let a be (-68)/(-8) + 3/(-2). Suppose k = -2*k - 15, 5*k = -z - a. Calculate the greatest common divisor of 558 and z.
18
Let p be (-93080)/(-110) - 4/22. Let q be ((-4)/(-1))/(p/168 + -5). Calculate the highest common factor of q and 280.
56
Let f = -372 + 548. Let j be 1*((-42)/(-4) - 8/(-16)). What is the greatest common divisor of f and j?
11
Let f(j) = -j**2 + 126*j - 2658. Let i be f(29). Calculate the highest common divisor of i and 682.
31
Let o be (-1 + -1)/(-4)*54. Suppose -32*f + 28*f = -4184. Let s = -1010 + f. What is the highest common divisor of o and s?
9
Suppose 4*x + 32 = 0, -69*a = -64*a + 5*x + 10. Calculate the highest common factor of a and 15720.
6
Let z be 8/5 - 281928/(-20). Calculate the highest common divisor of 19 and z.
19
Suppose 2*b + 3*b = 6*b. Suppose 3*d - w - 101 = b, w - 125 - 5 = -4*d. Calculate the greatest common factor of 143 and d.
11
Let o be -10 + 1 + 7 + -10. Let z be (-6 + 3 - (o + 1))*29. Let n(i) = 2*i**2 - 4*i - 1. Let c be n(-3). Calculate the highest common divisor of z and c.
29
Suppose -14*q - 77970 = -24*q. Suppose 39*r = -q + 38958. Calculate the greatest common divisor of 34 and r.
17
Let a be 2/7 - 13032/(-56). Let c = -119 - a. Let z be (c/12)/(19/(-6) + 3). Calculate the greatest common divisor of 16 and z.
16
Suppose 0 = -d - 1 + 3. Let t(c) = -2*c - 3*c + 3*c**d - 5 - 23*c. Let s be t(13). What is the greatest common divisor of 23 and s?
23
Let o = 15 - 14. Suppose 8*g - 3*g = -100. Let u(v) = v**3 + 19*v**2 - 19*v + 21. Let j be u(g). What is the highest common factor of o and j?
1
Let w(l) = -25*l + 937. Let y be w(37). Calculate the highest common divisor of 488 and y.
4
Suppose -5*h + 153 = -2*q, h = 4*q - 2*q + 37. Suppose h*t - 57*t = -2464. Calculate the highest common divisor of t and 374.
22
Suppose 2*n - 2*y = 3094, 16*n + y - 1555 = 15*n. What is the greatest common factor of 987 and n?
141
Let t(v) = -2687*v - 80598. Let r be t(-30). Let c(z) = -2*z**3 - 9*z**2 + 4*z + 5. Let o be c(-7). What is the greatest common factor of o and r?
6
Let q(b) = 36*b - 4. Let g be q(5). Suppose 3*w + 5*l = 66, -12*w + 9*w - 2*l + 84 = 0. What is the highest common factor of w and g?
16
Let j be 38/133 + (-2)/7 - -121. Calculate the highest common divisor of j and 319.
11
Let j(h) = 2*h**2 + 142*h + 1459. Let a be j(-61). Calculate the highest common divisor of a and 1.
1
Let r be (3 - 7) + (-24)/(36/(-6)). Suppose -w - 4 = r, -8*w = -4*v - 12*w + 16. Calculate the highest common factor of v and 152.
8
Let l = -10 - -20. Suppose 0 = 35*q - 699 - 9556. Let j = 348 - q. What is the greatest common divisor of l and j?
5
Let j(d) = -2*d + 21. Let z be j(10). Suppose -z - 51 = -a. Suppose 0 = -2*f + 172 + a. What is the greatest common divisor of f and 16?
16
Suppose -3*s = -r - 138 + 67, 5*s - 137 = -3*r. What is the highest common divisor of s and 2400?
25
Let s(y) = 49*y**2 + y. Suppose -20 = -4*w, j - 7*w + 2*w + 44 = 0. Let m = j - -18. Let g be s(m)